{"id":10510,"date":"2026-02-25T22:21:00","date_gmt":"2026-02-25T21:21:00","guid":{"rendered":"https:\/\/www.casadelmoviment.com\/?post_type=product&#038;p=10510"},"modified":"2026-04-13T22:41:11","modified_gmt":"2026-04-13T20:41:11","slug":"casal","status":"publish","type":"product","link":"https:\/\/www.casadelmoviment.com\/es\/producto\/casal\/","title":{"rendered":"Casal d&#8217;Estiu"},"content":{"rendered":"<p>El casal d&#8217;estiu es un refugi creatiu, on els nens i les nenes aprenen, creen, col\u2022laboren i imaginen.<br \/>\nProposarem cada setmana un centre d&#8217;inter\u00e8s (cases, criatures fant\u00e0stiques, flors i ocells) i a trav\u00e9s de diferents llenguatges art\u00edstics anirem estirant el fil amb la intenci\u00f3 de reflexionar i con\u00e8ixer el nostre entorn m\u00e9s proper.<br \/>\nAquest espai d&#8217;estiu que imaginem t\u00e9 com base un aconpanyament respectu\u00f3s; les idees, els interessos i les necessitats dels nens i les nenes s\u00f3n atesos, potenciant la seva capacitat d&#8217;autogesti\u00f3.<br \/>\nVine! \ud83e\udd38\ud83c\udffc\u200d\u2640\ufe0f<\/p>\n<p>&nbsp;<\/p>\n<p>Setmanes:<br \/>\n\u2022\u2060 \u206022 al 26 de Juny (cases)<br \/>\n\u2022\u2060 \u206029 al 3 de Juliol (criatures fant\u00e0stiques)<br \/>\n\u2022\u2060 \u20606 al 10 de Juliol (ocells i flors)<\/p>\n<p>&nbsp;<\/p>\n<p>Horari i Preu:<\/p>\n<p>22 al 26 de Juny (e<span class=\"a_GcMg font-feature-liga-off font-feature-clig-off font-feature-calt-off text-decoration-none text-strikethrough-none\">l 24 de Juny no hi haur\u00e0 casal)<\/span><br \/>\n\u2022\u2060 \u2060Opci\u00f3 I: 9 a 13.30h \/ 120\u20ac Set.<br \/>\n\u2022\u2060 \u2060Opci\u00f3 II: 9 a 16.30h \/ 180\u20ac Set.<\/p>\n<p>&nbsp;<\/p>\n<p>29 al 3 de Juliol<\/p>\n<p>\u2022\u2060 \u2060Opci\u00f3 I: 9 a 13.30h \/ 150\u20ac Set.<br \/>\n\u2022\u2060 \u2060Opci\u00f3 II: 9 a 16.30h \/ 220\u20ac Set.<\/p>\n<p>&nbsp;<\/p>\n<p>6 al 10 de Juliol<\/p>\n<p>\u2022\u2060 \u2060Opci\u00f3 I: 9 a 13.30h \/ 150\u20ac Set.<br \/>\n\u2022\u2060 \u2060Opci\u00f3 II: 9 a 16.30h \/ 220\u20ac Set.<\/p>\n<p>&nbsp;<\/p>\n<p>Facilitadores: Gemma Mir\u00f3, Ana Lifante y Raquel Mir\u00f3.<\/p>","protected":false},"excerpt":{"rendered":"<p>El casal d&#8217;estiu es un refugi creatiu, on els nens i les nenes aprenen, creen, col\u2022laboren i imaginen. Proposarem cada setmana un centre d&#8217;inter\u00e8s (cases, criatures fant\u00e0stiques, flors i ocells) i a trav\u00e9s de diferents llenguatges art\u00edstics anirem estirant el fil amb la intenci\u00f3 de reflexionar i con\u00e8ixer el nostre entorn m\u00e9s proper. Aquest espai [&hellip;]<\/p>","protected":false},"featured_media":11390,"comment_status":"open","ping_status":"closed","template":"","meta":[],"product_brand":[],"product_cat":[243],"product_tag":[],"class_list":{"0":"post-10510","1":"product","2":"type-product","3":"status-publish","4":"has-post-thumbnail","6":"product_cat-casal","8":"first","9":"instock","10":"shipping-taxable","11":"purchasable","12":"product-type-variable"},"blog_post_layout_featured_media_urls":{"thumbnail":["https:\/\/www.casadelmoviment.com\/wp-content\/uploads\/2026\/04\/Screenshot-2026-04-13-at-15.55.13-150x150.png",150,150,true],"full":["https:\/\/www.casadelmoviment.com\/wp-content\/uploads\/2026\/04\/Screenshot-2026-04-13-at-15.55.13.png",1192,782,false]},"categories":null,"categories_names":null,"comments_number":"0","_links":{"self":[{"href":"https:\/\/www.casadelmoviment.com\/es\/wp-json\/wp\/v2\/product\/10510","targetHints":{"allow":["GET"]}}],"collection":[{"href":"https:\/\/www.casadelmoviment.com\/es\/wp-json\/wp\/v2\/product"}],"about":[{"href":"https:\/\/www.casadelmoviment.com\/es\/wp-json\/wp\/v2\/types\/product"}],"replies":[{"embeddable":true,"href":"https:\/\/www.casadelmoviment.com\/es\/wp-json\/wp\/v2\/comments?post=10510"}],"version-history":[{"count":13,"href":"https:\/\/www.casadelmoviment.com\/es\/wp-json\/wp\/v2\/product\/10510\/revisions"}],"predecessor-version":[{"id":11263,"href":"https:\/\/www.casadelmoviment.com\/es\/wp-json\/wp\/v2\/product\/10510\/revisions\/11263"}],"wp:featuredmedia":[{"embeddable":true,"href":"https:\/\/www.casadelmoviment.com\/es\/wp-json\/wp\/v2\/media\/11390"}],"wp:attachment":[{"href":"https:\/\/www.casadelmoviment.com\/es\/wp-json\/wp\/v2\/media?parent=10510"}],"wp:term":[{"taxonomy":"product_brand","embeddable":true,"href":"https:\/\/www.casadelmoviment.com\/es\/wp-json\/wp\/v2\/product_brand?post=10510"},{"taxonomy":"product_cat","embeddable":true,"href":"https:\/\/www.casadelmoviment.com\/es\/wp-json\/wp\/v2\/product_cat?post=10510"},{"taxonomy":"product_tag","embeddable":true,"href":"https:\/\/www.casadelmoviment.com\/es\/wp-json\/wp\/v2\/product_tag?post=10510"}],"curies":[{"name":"wp","href":"https:\/\/api.w.org\/{rel}","templated":true}]}}

<p>El casal d&#8217;estiu es un refugi creatiu, on els nens i les nenes aprenen, creen, col•laboren i imaginen.<br />
Proposarem cada setmana un centre d&#8217;interès (cases, criatures fantàstiques, flors i ocells) i a través de diferents llenguatges artístics anirem estirant el fil amb la intenció de reflexionar i conèixer el nostre entorn més proper.<br />
Aquest espai d&#8217;estiu que imaginem té com base un aconpanyament respectuós; les idees, els interessos i les necessitats dels nens i les nenes són atesos, potenciant la seva capacitat d&#8217;autogestió.<br />
Vine! 🤸🏼‍♀️</p>
<p>&nbsp;</p>
<p>Setmanes:<br />
•⁠ ⁠22 al 26 de Juny (cases)<br />
•⁠ ⁠29 al 3 de Juliol (criatures fantàstiques)<br />
•⁠ ⁠6 al 10 de Juliol (ocells i flors)</p>
<p>&nbsp;</p>
<p>Horari i Preu:</p>
<p>22 al 26 de Juny (e<span class="a_GcMg font-feature-liga-off font-feature-clig-off font-feature-calt-off text-decoration-none text-strikethrough-none">l 24 de Juny no hi haurà casal)</span><br />
•⁠ ⁠Opció I: 9 a 13.30h / 120€ Set.<br />
•⁠ ⁠Opció II: 9 a 16.30h / 180€ Set.</p>
<p>&nbsp;</p>
<p>29 al 3 de Juliol</p>
<p>•⁠ ⁠Opció I: 9 a 13.30h / 150€ Set.<br />
•⁠ ⁠Opció II: 9 a 16.30h / 220€ Set.</p>
<p>&nbsp;</p>
<p>6 al 10 de Juliol</p>
<p>•⁠ ⁠Opció I: 9 a 13.30h / 150€ Set.<br />
•⁠ ⁠Opció II: 9 a 16.30h / 220€ Set.</p>
<p>&nbsp;</p>
<p>Facilitadores: Gemma Miró, Ana Lifante y Raquel Miró.</p>

<p>El casal d&#8217;estiu es un refugi creatiu, on els nens i les nenes aprenen, creen, col•laboren i imaginen. Proposarem cada setmana un centre d&#8217;interès (cases, criatures fantàstiques, flors i ocells) i a través de diferents llenguatges artístics anirem estirant el fil amb la intenció de reflexionar i conèixer el nostre entorn més proper. Aquest espai [&hellip;]</p>
